.
1364
Let s(d) = 2*d**2 - 116*d - 3107. What is s(72)?
-1091
Let m(z) = 6*z**3 - 17*z**2 + 12*z - 2. Give m(8).
2078
Let s(b) = 211*b**2 + 61403*b + 594. Give s(-291).
12
Let l(j) = j**2 - 81*j - 5237. Calculate l(123).
-71
Let a(l) = -l**3 - 92*l**2 + 171*l - 1260. Calculate a(-94).
338
Let o(i) = 16*i + 840. Determine o(-76).
-376
Let y(t) = -164*t**2 + 4594*t - 63. Calculate y(28).
-7
Let b(v) = 444*v**2 + 326*v + 9. Determine b(-1).
127
Let r(s) = -s**3 - 12*s**2 + 867*s - 1341. What is r(23)?
85
Let q(l) = -7*l**2 - 1725*l - 238. Give q(-249).
-4720
Let q(m) = 1453*m + 215052. What is q(-148)?
8
Let w(j) = 22694*j - 5968513. Give w(263).
9
Let n(k) = 2*k**3 + 74*k**2 - 337*k - 373. Calculate n(-41).
-4
Let c(v) = 21422*v**2 - 342751*v - 18. What is c(16)?
-2
Let v(d) = -20*d - 1703. Give v(-83).
-43
Let q(j) = 11*j**2 - 15458*j + 30905. What is q(2)?
33
Let s(j) = -42*j**2 + 1074*j + 8754. Calculate s(32).
114
Let i(f) = -38521*f - 731950. Calculate i(-19).
-51
Let s(r) = -239*r - 602. What is s(0)?
-602
Let u(a) = 451*a - 15278. What is u(36)?
958
Let c(b) = 12*b**3 - b**2 + 261*b + 1616. Determine c(-6).
-2578
Let k(r) = 35*r**2 - 1175*r - 680. Calculate k(34).
-170
Let s(l) = -l**3 + 120*l**2 - 1914*l - 326. Determine s(101).
179
Let w(r) = 2*r**3 + 62*r**2 - 52*r - 750. What is w(4)?
162
Let a(q) = 26*q**2 - 284*q + 695. Determine a(7).
-19
Let k(f) = -86*f**2 + 10076*f - 116443. Calculate k(13).
11
Let r(m) = 752*m**2 + 11282*m + 22. Determine r(-15).
-8
Let x(y) = 1141*y + 171273. Calculate x(-150).
123
Let r(a) = -a**3 + 220*a**2 - 12090*a - 971. What is r(109)?
10
Let w(r) = -342*r - 16732. Calculate w(-53).
1394
Let u(v) = v**2 - 15150*v + 181674. What is u(12)?
18
Let v(z) = z**3 + 194*z**2 - 4987*z + 868. What is v(-217)?
0
Let y(p) = 194*p**3 - 971*p**2 + 156*p - 752. What is y(5)?
3
Let n(j) = 2*j**2 + 2935*j + 438889. Determine n(-169).
-4
Let b(d) = -3*d**3 - 16*d**2 + 33*d + 268. Determine b(-7).
282
Let p(b) = -2078*b - 16441. Give p(-8).
183
Let o(x) = 42*x**3 + 419*x**2 - 10*x - 18. Give o(-10).
-18
Let b(a) = -7*a**3 + 29*a**2 + 317*a + 516. Calculate b(-3).
15
Let q(c) = -3*c**2 - 62*c + 7073. Calculate q(-60).
-7
Let w(y) = 4*y**3 + 4*y**2 - 11*y + 779. Give w(0).
779
Let n(f) = -1452*f**2 - 346*f + 348. Give n(1).
-1450
Let a(l) = 1820*l + 20. Determine a(1).
1840
Let l(k) = 2365*k + 151340. Calculate l(-64).
-20
Let t(z) = 4519109*z - 22595548. Determine t(5).
-3
Let c(i) = -i**2 - 7848*i - 86212. Calculate c(-11).
-5
Let y(l) = l**2 + 234*l - 4474. What is y(-248)?
-1002
Let i(w) = 1317*w**2 + 13*w - 1. What is i(-1)?
1303
Let d(u) = -2490*u**2 + 7439*u + 85. Give d(3).
-8
Let l(n) = -149*n - 1041. Give l(-4).
-445
Let r(a) = -12*a**3 - 274*a**2 + 34*a - 250. Determine r(-23).
26
Let o(k) = k**2 - 494*k - 1056237. Give o(-810).
3
Let s(g) = -8*g**3 + 72*g**2 - 22*g - 111. Give s(8).
225
Let n(k) = -1133*k + 36861. What is n(32)?
605
Let v(p) = p**3 + 253*p**2 + 3986*p - 6127. Calculate v(-236).
9
Let f(o) = -358*o**2 - 189747*o - 3711. Determine f(-530).
-1
Let w(d) = 74*d**3 + 9*d**2 + 10*d. Determine w(-1).
-75
Let a(m) = -141*m**2 + 12085*m + 3456. Calculate a(86).
-70
Let m(j) = 15323*j - 14581. What is m(1)?
742
Let l(q) = 12315*q + 221656. What is l(-18)?
-14
Let a(l) = 157*l + 11565. What is a(-69)?
732
Let b(k) = 2*k**3 + 433*k**2 + 203*k - 2552. Give b(-216).
256
Let s(j) = j**3 - 76*j**2 - 145*j - 963. Calculate s(78).
-105
Let i(h) = -18144*h + 979802. Determine i(54).
26
Let k(a) = 93*a - 2793. Calculate k(22).
-747
Let a(c) = c**3 + 52*c**2 - 1962*c - 102014. What is a(-52)?
10
Let d(z) = -12*z**2 + 1004*z + 10066. Calculate d(-9).
58
Let d(n) = -n**2 + 5057*n + 70733. Give d(-14).
-261
Let r(z) = -2*z**2 - 162*z - 526. Determine r(-18).
1742
Let v(z) = 9382*z - 75561. Calculate v(8).
-505
Let g(c) = -c**2 + 2539*c - 151371. Give g(61).
-213
Let d(r) = -r**3 - 592*r**2 - 1753*r + 82. Determine d(-3).
40
Let p(x) = x**3 + 29*x**2 - 25739*x + 253493. What is p(10)?
3
Let b(m) = m**2 + 38*m + 35. Determine b(7).
350
Let d(j) = -j**3 - 338*j**2 - 25308*j + 886. Determine d(-226).
-18
Let q(b) = 2*b**2 + 4276*b + 21405. Calculate q(-5).
75
Let k(x) = x**3 + 44*x**2 - 119*x - 2654. What is k(-7)?
-8
Let u(j) = -7297*j + 21891. Calculate u(3).
0
Let g(a) = -43*a**3 - 29*a**2 - 10*a - 20. What is g(-4)?
2308
Let k(q) = -317594*q - 952788. What is k(-3)?
-6
Let f(j) = -38*j**2 + 19614*j + 58861. What is f(-3)?
-323
Let z(l) = -99*l - 1896. Give z(0).
-1896
Let d(b) = 62818*b - 565323. What is d(9)?
39
Let o(y) = 2*y**3 - 82*y**2 - 307*y + 18. Calculate o(-4).
-194
Let x(a) = -13*a**3 - 11*a**2 + 19*a + 96. Calculate x(-5).
1351
Let q(l) = 6560*l + 59026. Determine q(-9).
-14
Let t(i) = -35*i**2 + 319*i + 1772. Give t(-6).
-1402
Let j(t) = -198*t - 9673. Determine j(-49).
29
Let n(b) = -58*b**3 - 14*b**2 + 41*b - 25. Give n(1).
-56
Let k(z) = 389*z + 5160. Calculate k(-12).
492
Let k(a) = 6*a**2 + 2047*a + 2462. Calculate k(-340).
82
Let u(q) = q**3 + 15*q**2 + 40*q - 6. What is u(-3)?
-18
Let f(m) = 16*m**2 + 17195*m + 170349. Determine f(-10).
-1
Let w(u) = -104151*u - 624916. What is w(-6)?
-10
Let q(j) = -69086*j - 898119. Calculate q(-13).
-1
Let q(f) = -1894*f - 17014. What is q(-9)?
32
Let n(f) = 524*f**2 - 8906*f - 44. Determine n(17).
-10
Let n(t) = -22*t + 2144. Calculate n(65).
714
Let v(l) = -l**2 + 916*l - 27136. Determine v(30).
-556
Let s(j) = -78*j**2 - 5553*j + 223. Give s(-72).
-4313
Let w(a) = 9*a**2 - 2594*a + 7776. What is w(3)?
75
Let y(l) = 49678*l + 49703. Calculate y(-1).
25
Let v(x) = x**3 - 29*x**2 - 665*x - 31. Determine v(44).
-251
Let c(h) = -6*h**3 - 38*h**2 - 83*h - 365. What is c(-6)?
61
Let o(h) = -322*h**2 + 5718*h - 9038. Calculate o(16).
18
Let r(m) = -m**3 - 56*m**2 - 105*m + 169. Give r(-54).
7
Let q(x) = -6172*x - 67778. Give q(-11).
114
Let v(n) = 311*n**3 - 2*n**2 + 701*n + 1399. Calculate v(-2).
-2499
Let z(u) = -u**3 + 124*u**2 - 113*u - 131. Determine z(123).
1099
Let o(j) = -j**3 + 28*j**2 - 218*j + 747. Calculate o(18).
63
Let l(n) = -11*n**2 + 145*n + 1647. Calculate l(0).
1647
Let a(h) = 39*h**2 + 8391*h + 9642. Determine a(-214).
12
Let h(q) = 240*q - 15345. Determine h(66).
495
Let s(k) = -964*k - 6939. Determine s(-7).
-191
Let b(p) = -15527*p - 434728. Give b(-28).
28
Let g(k) = -32*k**3 + 350*k**2 + 12*k + 91. Determine g(11).
-19
Let f(r) = -26*r**2 - 124*r - 1. Give f(-11).
-1783
Let c(n) = -1698*n**2 - 32252*n + 16. What is c(-19)?
-174
Let z(b) = 548*b - 17527. Calculate z(33).
557
Let s(z) = -3*z**3 + 808*z**2 - 1081*z + 2370. Calculate s(268).
-42
Let n(p) = 48*p**2 - 189*p - 21. Determine n(4).
-9
Let z(x) = -4*x**3 - 39*x**2 + 64*x + 988. Determine z(-7).
1
Let j(n) = -2*n**2 + 1257*n + 20591. Calculate j(-16).
-33
Let k(x) = x**3 - 28*x**2 - 31*x - 4006. What is k(0)?
-4006
Let h(p) = -3*p**3 - 47*p**2 - 122*p + 256. Give h(-12).
136
Let n(i) = -4*i**2 - 768*i + 254722. Give n(174).
-14
Let w(j) = 2*j**3 - 282*j**2 + 4632*j + 469. Calculate w(122).
-19
Let y(l) = 36*l**2 - 964*l + 9637. What is y(10)?
3597
Let k(z) = -2288*z - 70946. Calculate k(-31).
-18
Let j(w) = -200*w + 467. Give j(-5).
1467
Let i(t) = -4522*t - 203. What is i(0)?
-203
Let g(o) = -31*o**2 - 1519*o + 280. What is g(-49)?
280
Let k(c) = 3*c**3 - 149*c**2 - 103*c - 5143. Determine k(51).
8
Let r(j) = -54*j**2 + 2643*j - 7419. Determine r(3).
24
Let x(v) = 66*v**3 + 6*v**2 - 16*v - 21. What is x(-4)?
-4085
Let u(x) = 41023*x + 2625438. Determine u(-64).
-34
Let y(n) = -1439*n + 834. What is y(0)?
834
Let y(b) = 2*b**3 + 35*b**2 + 77*b - 128. Calculate y(-13).
392
Let i(r) = -4*r**2 - 3468*r + 107699. Determine i(30).
59
Let y(i) = -1157*i + 465138. Determine y(402).
24
Let v(p) = 213*p + 7480. Give v(-35).
25
Let y(f) = f**2 - 1893*f + 434135. Determine y(267).
-7
Let w(l) = -48*l**2 - 28*l + 72. Calculate w(3).
-444
Let k(z) = 4*z**3 - 30*z**2 - 115*z + 143. What is k(10)?
-7
Let c(s) = 42*s**2 + 142*s - 976. Determine c(7).
2076
Let o(m) = 17171*m + 51521. Give o(-3).
8
Let n(i) = 3228*i + 19384. What is n(-6)?
16
Let y(q) = -q**3 - 27*q**2 + 27*q - 177. What is y(-28)?
-149
Let u(v) = v**3 - 747*v**2 - 3387*v - 280496. What is u(752)?
0
Let u(i) = -i**3 + 52*i**2 + 855*i +